 + 7522*o**2 - 2060*o + 169190. Calculate q(940).
-10
Let p(d) = 9*d - 466. Give p(62).
92
Let u(c) = 10325*c - 5565177. Give u(539).
-2
Let y(v) = 4989*v - 848135. Calculate y(170).
-5
Let x(s) = -1371*s - 120647. Determine x(-88).
1
Let c(f) = -3*f**2 - 235*f + 6004. Determine c(28).
-2928
Let b(x) = -748*x**2 - 10503*x - 460. Determine b(-14).
-26
Let k(g) = 414*g - 2577. What is k(9)?
1149
Let r(s) = -s**3 - 13*s**2 - 62*s - 138. Give r(-7).
2
Let n(w) = 218*w + 20461. What is n(-94)?
-31
Let g(q) = 479*q + 6641. What is g(-15)?
-544
Let o(y) = -807*y - 179. Calculate o(1).
-986
Let v(b) = -14*b**2 - 659*b + 958. Calculate v(-48).
334
Let u(s) = s**3 + 19*s**2 - 14*s - 1307. Give u(-13).
-111
Let w(l) = -77*l**3 + 2306*l**2 + 146*l - 787. Give w(30).
-7
Let i(x) = -x**3 - 44*x**2 - 123*x - 415. What is i(-41)?
-415
Let t(o) = -701*o - 129661. Give t(-185).
24
Let n(u) = u**3 + 32*u**2 + 189*u + 5295. Determine n(-32).
-753
Let t(m) = 17*m**2 - 36*m - 34. Calculate t(3).
11
Let d(q) = -34*q**2 + 29*q - 24. Determine d(-5).
-1019
Let f(s) = -434*s**3 + s**2 + 14*s + 13. What is f(-1)?
434
Let p(h) = 215*h + 44961. Determine p(-210).
-189
Let h(w) = -612450*w + 612499. Calculate h(1).
49
Let u(k) = 108*k + 1699. Give u(-15).
79
Let c(g) = 10347*g + 41485. Calculate c(-4).
97
Let i(f) = 5*f**2 - 73*f - 2135. Determine i(30).
175
Let r(m) = -2*m**3 + 105*m**2 - 2848*m + 153746. Give r(53).
-7
Let f(m) = -56*m**2 + 1202*m - 6265. Calculate f(9).
17
Let l(h) = 1120*h + 52865. Give l(-47).
225
Let v(a) = 133*a - 2600. Give v(15).
-605
Let g(t) = -357799*t - 3935783. What is g(-11)?
6
Let v(p) = -5*p**3 + 149*p**2 - 1020*p + 2. What is v(19)?
116
Let m(i) = 4*i**2 + 962*i + 7143. What is m(-8)?
-297
Let s(c) = -12944*c - 90408. What is s(-7)?
200
Let q(d) = 773*d - 135301. Calculate q(175).
-26
Let x(g) = g**2 - 100*g - 2519. Determine x(-25).
606
Let x(r) = 2*r**2 - 126*r - 423. Calculate x(66).
-27
Let r(w) = 380448*w + 1521794. Give r(-4).
2
Let w(z) = -1087943*z + 56573038. Calculate w(52).
2
Let j(n) = -n**2 + 29596*n + 1601095. Give j(-54).
-5
Let o(n) = n**3 + 47*n**2 + 6*n - 32. Give o(-6).
1408
Let y(t) = 60*t**2 + 779*t + 2341. Give y(-3).
544
Let z(f) = 63*f**3 - 27*f**2 + 62*f - 2. What is z(2)?
518
Let y(j) = -2229*j - 26888. What is y(-12)?
-140
Let a(x) = -2*x**3 - 129*x**2 + 26357*x + 424. What is a(87)?
76
Let w(f) = -2*f**3 + 108*f**2 - 215*f - 4593. Give w(51).
48
Let t(s) = 576*s + 1292. Give t(-7).
-2740
Let p(q) = 51*q + 4828. Give p(-132).
-1904
Let w(p) = 54*p**2 + 3081*p - 15503. Calculate w(5).
1252
Let n(z) = -90*z**3 - 2158*z**2 + 73*z + 608. Calculate n(-24).
8
Let y(c) = -359*c**2 - 2454*c + 408. Determine y(-7).
-5
Let y(k) = k**3 - 160*k**2 - 171*k + 1187. What is y(161)?
-423
Let f(t) = 6327*t**2 + 1317*t + 1318. Give f(-1).
6328
Let i(o) = -2073*o**2 + 1223072*o - 1193. Give i(590).
-13
Let h(p) = 2*p**3 + 1250*p**2 + 1242*p - 3747. Calculate h(-624).
-3
Let m(l) = -157*l**2 - 12739*l - 1693. Calculate m(-81).
89
Let d(b) = -14*b**2 - 5155*b + 14424. Calculate d(-371).
-45
Let n(d) = -d**2 - 394*d - 19847. What is n(-59)?
-82
Let b(y) = -8959*y + 412120. Give b(46).
6
Let s(b) = -1499*b + 326743. Calculate s(218).
-39
Let w(i) = -707*i + 10610. Determine w(12).
2126
Let l(q) = -13806*q**2 + 110437*q + 12. What is l(8)?
-76
Let t(j) = 72*j**2 - 9354*j - 929. Give t(130).
-149
Let d(t) = -4*t**2 - 205*t - 733. Determine d(-3).
-154
Let d(m) = -1407*m + 4744. Determine d(3).
523
Let w(x) = -2*x**3 + 88*x**2 - 71*x - 359. Determine w(43).
286
Let s(x) = -x**2 + 54*x - 43. Calculate s(26).
685
Let n(g) = -624*g - 11165. Determine n(-21).
1939
Let h(a) = -a**3 + 147*a**2 - 846*a - 26. Calculate h(141).
-26
Let n(u) = -2332*u - 2675. Determine n(-1).
-343
Let m(p) = p**3 + 42*p**2 + 1877*p + 78808. Determine m(-42).
-26
Let n(h) = 36712*h - 403621. Calculate n(11).
211
Let m(r) = -27583*r - 193024. Determine m(-7).
57
Let x(z) = -z**2 - 13*z - 89. Give x(-33).
-749
Let c(o) = -21570*o - 129430. Give c(-6).
-10
Let q(c) = -c**3 - 8*c**2 - 161*c - 1023. What is q(-7)?
55
Let b(h) = -5*h**3 - 251*h**2 + 4432*h + 1022. Calculate b(-64).
-2
Let d(b) = -b**2 + 603*b + 167687. What is d(-207)?
17
Let i(l) = -l**3 - 4*l**2 + 136*l - 454. Determine i(6).
2
Let l(i) = 73*i**3 - 5*i**2 - 28*i + 107. Calculate l(3).
1949
Let z(l) = -5842*l + 45542. Calculate z(8).
-1194
Let y(l) = -52*l**2 - 747*l + 10. What is y(-15)?
-485
Let b(x) = x**2 - 12*x - 24918. Determine b(-149).
-929
Let t(g) = 50*g**2 - 5144*g + 10099. Give t(2).
11
Let b(o) = -8*o**2 - 19*o + 165. Determine b(-6).
-9
Let p(i) = 128*i**3 + 6777*i**2 - 358*i + 700. Calculate p(-53).
11
Let x(z) = -2*z**2 - 20087*z - 919790. What is x(-46)?
-20
Let h(u) = 6*u**2 - 4552*u + 12096. What is h(756)?
0
Let k(y) = -629939*y + 1259877. Calculate k(2).
-1
Let j(m) = -20557*m + 40773. Calculate j(2).
-341
Let z(w) = -4*w**2 + 2830*w + 55241. What is z(-19)?
27
Let c(b) = -19*b**2 - 5895*b + 31. Determine c(0).
31
Let q(w) = -w**3 - 59*w**2 - 3994*w - 221168. Calculate q(-57).
-8
Let g(p) = -23*p**2 - 20441*p - 143070. Determine g(-7).
-1110
Let c(a) = 1438*a - 330794. What is c(230)?
-54
Let c(d) = d**2 - 152*d + 5703. Calculate c(84).
-9
Let b(r) = -201*r**3 - 82005*r**2 + 1225*r + 412. Give b(-408).
4
Let h(v) = 2*v**2 + 11326*v + 56587. Give h(-5).
7
Let z(r) = r**2 + 14858*r - 133987. Calculate z(9).
-184
Let u(c) = 3*c**2 - 16193*c - 439394. Give u(-27).
4
Let i(g) = -7*g**2 + 593*g + 3870. What is i(-6)?
60
Let z(q) = 192149*q - 3458700. Give z(18).
-18
Let n(c) = -c**3 + 451*c**2 + 8*c - 2366. What is n(451)?
1242
Let l(b) = 2*b**3 + 21*b**2 - 449*b - 4721. Determine l(-15).
-11
Let p(c) = 1192*c + 337273. Calculate p(-283).
-63
Let m(y) = -753*y - 523336. What is m(-695)?
-1
Let g(m) = -2*m**2 + 1626*m + 40178. What is g(-24)?
2
Let m(v) = v**3 - 95*v**2 + 319*v - 1358. Determine m(92).
2598
Let d(l) = -2463*l + 31924. What is d(13)?
-95
Let h(k) = 105083*k + 2521996. Determine h(-24).
4
Let k(b) = 3470422*b - 24292954. What is k(7)?
0
Let r(g) = g**2 - 350*g - 63640. Give r(-132).
-16
Let w(x) = 3*x**2 + 199*x + 5706. Calculate w(-25).
2606
Let r(t) = t**3 - 2*t**2 - 265*t + 72. Calculate r(-17).
-914
Let g(s) = s**3 + 119*s**2 - 365*s + 247. Calculate g(2).
1
Let b(t) = -t**3 + 2*t**2 + 460*t + 1324. What is b(-3)?
-11
Let n(t) = -2*t**3 + 117*t**2 - 86*t + 1787. Determine n(58).
163
Let j(b) = 995*b - 5054. Calculate j(6).
916
Let p(s) = -15*s**3 - 315*s**2 + 527*s + 11070. What is p(-21)?
3
Let c(x) = -64763*x - 4274375. Determine c(-66).
-17
Let b(s) = -11597*s - 266741. Give b(-23).
-10
Let i(j) = -2*j**3 + 17*j**2 + 928*j - 7603. What is i(8)?
-115
Let x(a) = -48572*a + 1797179. What is x(37)?
15
Let m(i) = -6*i**3 + 11*i**2 - 811*i - 2439. Give m(-3).
255
Let o(i) = -160*i**2 + 781*i + 97. What is o(5)?
2
Let i(s) = -1065*s**2 + 8123*s - 13. Give i(8).
-3189
Let o(j) = -44*j - 296. What is o(-15)?
364
Let x(u) = 393*u - 34599. Calculate x(88).
-15
Let q(p) = -p**3 - 22*p**2 + 2060*p - 11358. Calculate q(6).
-6
Let o(g) = -610*g**2 + 5785*g + 3120. Give o(10).
-30
Let g(k) = 8*k**2 + 52*k - 5. What is g(0)?
-5
Let x(f) = -11595*f - 81392. What is x(-7)?
-227
Let u(k) = 2*k**2 - 90*k - 1915. Determine u(-20).
685
Let v(l) = l**3 + 945*l + 5611. What is v(-6)?
-275
Let b(j) = 8*j**2 - 598*j - 6427. What is b(84)?
-211
Let m(r) = 790*r + 13882. What is m(-18)?
-338
Let b(y) = y**3 + 378*y**2 + 1266*y + 335151. Give b(-377).
-2
Let v(u) = u**2 + 158*u + 1692. What is v(-13)?
-193
Let i(d) = -d**3 - 127*d**2 - 250*d + 37. What is i(-125)?
37
Let m(l) = 96*l**2 + 717*l - 2416. Calculate m(-10).
14
Let x(o) = o**3 + 13*o**2 + 37*o + 1543. Calculate x(-16).
183
Let w(a) = 4305*a + 43058. Give w(-10).
8
Let x(f) = f**3 + 75*f**2 + 389*f - 5937. Give x(-68).
-21
Let m(z) = 258*z + 55041. Determine m(-214).
-171
Let f(i) = -i**3 + 68667*i**2 + 1305037*i + 58. Calculate f(-19).
1
Let u(r) = r**3 + 43*r**2 + 119*r + 407. Determine u(-40).
447
Let x(a) = 516*a + 315264. Give x(-611).
-12
Let u(a) = 2198*a - 74676. What is u(34)?
56
Let c(t) = -t**3 + 132*t**2 + 178*t - 23505. Calculate c(132).
-9
Let h(r) = -3156*r + 31821. Determine h(10).
261
Let a(c) = 4*c**2 - 102857*c - 